72.254.147.82 - - [25/Feb/2007:03:10:50 +0100] "GET /pipermail/pypy-dev/2003q4/001078.html HTTP/1.1" 200 2393 "http://codespeak.net/pipermail/pypy-dev/2003q4/001079.html" "Mozilla/5.0 (Macintosh; U; Intel Mac OS X; en-US; rv:1.8.1.2) Gecko/20070219 Firefox/2.0.0.2"
66.249.66.171 - - [25/Feb/2007:03:10:51 +0100] "GET /pipermail/pyrepl-dev/2006-November/000814.html HTTP/1.1" 304 - "-" "Mozilla/5.0 (compatible; Googlebot/2.1; +http://www.google.com/bot.html)"
151.44.49.162 - - [25/Feb/2007:03:10:56 +0100] "GET /scrape?info_hash=%7Ep%A1%25l%D0I%FA%A0d_.Xz%ADh2K%ED9 HTTP/1.1" 404 267 "-" "Azureus 2.5.0.4;Linux;Java 1.5.0_11"
66.249.66.171 - - [25/Feb/2007:03:10:59 +0100] "GET /viewvc/?pathrev=16873 HTTP/1.1" 200 13270 "-" "Mozilla/5.0 (compatible; Googlebot/2.1; +http://www.google.com/bot.html)"
66.249.66.171 - - [25/Feb/2007:03:11:03 +0100] "GET /pipermail/pyrepl-dev/2006-November/000833.html HTTP/1.1" 304 - "-" "Mozilla/5.0 (compatible; Googlebot/2.1; +http://www.google.com/bot.html)"
195.174.144.187 - - [25/Feb/2007:03:11:05 +0100] "GET /scrape?info_hash=0%19%95%D3%C1%1A%D2%E0%7D%E1%C8FL%CA%FB%19%80%EE%F3%D0&info_hash=%D2%9A%A9%E9%01s%04%2C%EB%E9%8B%E8cV%F7pyO.%D6 HTTP/1.1" 404 267 "-" "Azureus 2.2.0.3_B4"
66.249.66.171 - - [25/Feb/2007:03:11:06 +0100] "GET /pipermail/pyrepl-dev/2006-November/000817.html HTTP/1.1" 304 - "-" "Mozilla/5.0 (compatible; Googlebot/2.1; +http://www.google.com/bot.html)"
66.249.66.171 - - [25/Feb/2007:03:11:08 +0100] "GET /viewvc/?pathrev=23094 HTTP/1.1" 200 13888 "-" "Mozilla/5.0 (compatible; Googlebot/2.1; +http://www.google.com/bot.html)"
66.249.66.171 - - [25/Feb/2007:03:11:11 +0100] "GET /pipermail/pyrepl-dev/2006-November/000824.html HTTP/1.1" 304 - "-" "Mozilla/5.0 (compatible; Googlebot/2.1; +http://www.google.com/bot.html)"
66.249.66.171 - - [25/Feb/2007:03:11:13 +0100] "GET /viewvc/z3/Sfive/ HTTP/1.1" 200 3799 "-" "Mozilla/5.0 (compatible; Googlebot/2.1; +http://www.google.com/bot.html)"
66.249.66.171 - - [25/Feb/2007:03:11:15 +0100] "GET /viewvc/py/?pathrev=7122 HTTP/1.1" 200 5075 "-" "Mozilla/5.0 (compatible; Googlebot/2.1; +http://www.google.com/bot.html)"
66.249.66.171 - - [25/Feb/2007:03:11:17 +0100] "GET /viewvc/?pathrev=12840 HTTP/1.1" 200 12757 "-" "Mozilla/5.0 (compatible; Googlebot/2.1; +http://www.google.com/bot.html)"
66.249.66.171 - - [25/Feb/2007:03:11:19 +0100] "GET /pipermail/pyrepl-dev/2006-November/000831.html HTTP/1.1" 304 - "-" "Mozilla/5.0 (compatible; Googlebot/2.1; +http://www.google.com/bot.html)"
66.249.66.171 - - [25/Feb/2007:03:11:21 +0100] "GET /pipermail/lxml-checkins/2006-March/000775.html HTTP/1.1" 200 5076 "-" "Mozilla/5.0 (compatible; Googlebot/2.1; +http://www.google.com/bot.html)"
66.249.66.171 - - [25/Feb/2007:03:11:23 +0100] "GET /viewvc/?pathrev=15593 HTTP/1.1" 200 13301 "-" "Mozilla/5.0 (compatible; Googlebot/2.1; +http://www.google.com/bot.html)"
66.249.66.171 - - [25/Feb/2007:03:11:24 +0100] "GET /pipermail/pyrepl-dev/2006-November/000829.html HTTP/1.1" 304 - "-" "Mozilla/5.0 (compatible; Googlebot/2.1; +http://www.google.com/bot.html)"
66.249.66.171 - - [25/Feb/2007:03:11:26 +0100] "GET /viewvc/?pathrev=11268 HTTP/1.1" 200 12762 "-" "Mozilla/5.0 (compatible; Googlebot/2.1; +http://www.google.com/bot.html)"
66.249.66.171 - - [25/Feb/2007:03:11:27 +0100] "GET /pipermail/pyrepl-dev/2006-November/000821.html HTTP/1.1" 304 - "-" "Mozilla/5.0 (compatible; Googlebot/2.1; +http://www.google.com/bot.html)"
66.249.66.171 - - [25/Feb/2007:03:11:29 +0100] "GET /pipermail/pyrepl-dev/2006-November/000836.html HTTP/1.1" 304 - "-" "Mozilla/5.0 (compatible; Googlebot/2.1; +http://www.google.com/bot.html)"
65.55.210.47 - - [25/Feb/2007:03:11:28 +0100] "GET /viewvc/xpython/trunk/nondist/?sortby=author&pathrev=4405 HTTP/1.0" 200 8126 "-" "msnbot/1.0 (+http://search.msn.com/msnbot.htm)"
66.249.66.171 - - [25/Feb/2007:03:11:30 +0100] "GET /pipermail/pyrepl-dev/2006-November/000807.html HTTP/1.1" 304 - "-" "Mozilla/5.0 (compatible; Googlebot/2.1; +http://www.google.com/bot.html)"
66.249.66.171 - - [25/Feb/2007:03:11:31 +0100] "GET /viewvc/?pathrev=16083 HTTP/1.1" 200 13329 "-" "Mozilla/5.0 (compatible; Googlebot/2.1; +http://www.google.com/bot.html)"
213.239.226.252 - - [25/Feb/2007:03:11:33 +0100] "GET / HTTP/1.0" 200 2711 "-" "check_http/1.81 (nagios-plugins 1.4.2)"
66.249.66.171 - - [25/Feb/2007:03:11:32 +0100] "GET /viewvc/pypy/dist/lib-python/conftest.py?r1=15555&r2=11654&sortby=rev HTTP/1.1" 200 246861 "-" "Mozilla/5.0 (compatible; Googlebot/2.1; +http://www.google.com/bot.html)"
66.249.66.171 - - [25/Feb/2007:03:11:34 +0100] "GET /pipermail/pyrepl-dev/2006-November/000826.html HTTP/1.1" 304 - "-" "Mozilla/5.0 (compatible; Googlebot/2.1; +http://www.google.com/bot.html)"
66.249.66.171 - - [25/Feb/2007:03:11:35 +0100] "GET /pipermail/pyrepl-dev/2006-November/000789.html HTTP/1.1" 304 - "-" "Mozilla/5.0 (compatible; Googlebot/2.1; +http://www.google.com/bot.html)"
66.249.66.171 - - [25/Feb/2007:03:11:36 +0100] "GET /svn/kupu/branch/kupu-1.2 HTTP/1.1" 301 317 "-" "Mozilla/5.0 (compatible; Googlebot/2.1; +http://www.google.com/bot.html)"
66.249.66.171 - - [25/Feb/2007:03:11:37 +0100] "GET /pipermail/pyrepl-dev/2006-November/000835.html HTTP/1.1" 304 - "-" "Mozilla/5.0 (compatible; Googlebot/2.1; +http://www.google.com/bot.html)"
66.249.66.171 - - [25/Feb/2007:03:11:38 +0100] "GET /pipermail/pyrepl-dev/2006-November/000813.html HTTP/1.1" 304 - "-" "Mozilla/5.0 (compatible; Googlebot/2.1; +http://www.google.com/bot.html)"
65.55.210.57 - - [25/Feb/2007:03:11:38 +0100] "GET /viewvc/xpython/trunk/dist/src/Demo/xml/CVS/Entries?revision=1203&pathrev=18114 HTTP/1.0" 200 197 "-" "msnbot/1.0 (+http://search.msn.com/msnbot.htm)"
66.249.66.171 - - [25/Feb/2007:03:11:39 +0100] "GET /viewvc/pypy/dist/lib-python/conftest.py?sortby=log&view=log&r1=8738&pathrev=19809 HTTP/1.1" 200 221242 "-" "Mozilla/5.0 (compatible; Googlebot/2.1; +http://www.google.com/bot.html)"
66.249.66.171 - - [25/Feb/2007:03:11:46 +0100] "GET /viewvc/pypy/dist/demo/fibonacci.py?annotate=14328 HTTP/1.1" 200 12137 "-" "Mozilla/5.0 (compatible; Googlebot/2.1; +http://www.google.com/bot.html)"
66.249.66.171 - - [25/Feb/2007:03:11:48 +0100] "GET /viewvc/pypy/testresult/ HTTP/1.1" 200 23468 "-" "Mozilla/5.0 (compatible; Googlebot/2.1; +http://www.google.com/bot.html)"
201.231.58.252 - - [25/Feb/2007:03:11:51 +0100] "GET /favicon.ico HTTP/1.1" 404 272 "-" "Mozilla/5.0 (X11; U; Linux i686; es-AR; rv:1.8.1.1) Gecko/20060601 Firefox/2.0.0.1 (Ubuntu-edgy)"
66.249.66.171 - - [25/Feb/2007:03:11:51 +0100] "GET /viewvc/pypy/dist/lib-python/2.3.4/test/test___all__.py?view=markup&pathrev=12516 HTTP/1.1" 200 19627 "-" "Mozilla/5.0 (compatible; Googlebot/2.1; +http://www.google.com/bot.html)"
201.231.58.252 - - [25/Feb/2007:03:11:52 +0100] "GET /favicon.ico HTTP/1.1" 404 272 "-" "Mozilla/5.0 (X11; U; Linux i686; es-AR; rv:1.8.1.1) Gecko/20060601 Firefox/2.0.0.1 (Ubuntu-edgy)"
66.249.66.171 - - [25/Feb/2007:03:11:54 +0100] "GET /pipermail/pypy-dev/2003q3/000883.html HTTP/1.1" 304 - "-" "Mozilla/5.0 (compatible; Googlebot/2.1; +http://www.google.com/bot.html)"
66.249.66.171 - - [25/Feb/2007:03:11:56 +0100] "GET /viewvc/pypy/trunk/?pathrev=3869 HTTP/1.1" 200 5791 "-" "Mozilla/5.0 (compatible; Googlebot/2.1; +http://www.google.com/bot.html)"
66.249.66.171 - - [25/Feb/2007:03:11:58 +0100] "GET /pipermail/pypy-dev/2005q4/002507.html HTTP/1.1" 304 - "-" "Mozilla/5.0 (compatible; Googlebot/2.1; +http://www.google.com/bot.html)"
66.249.66.171 - - [25/Feb/2007:03:12:00 +0100] "GET /pipermail/pypy-dev/2005q2/002098.html HTTP/1.1" 200 9567 "-" "Mozilla/5.0 (compatible; Googlebot/2.1; +http://www.google.com/bot.html)"
66.249.66.171 - - [25/Feb/2007:03:12:02 +0100] "GET /viewvc/pypy/trunk/src/goal/translate_pypy.py?view=markup&pathrev=7637 HTTP/1.1" 200 20118 "-" "Mozilla/5.0 (compatible; Googlebot/2.1; +http://www.google.com/bot.html)"
66.249.66.171 - - [25/Feb/2007:03:12:04 +0100] "GET /viewvc/pypy/branch/dist-2.4.1/lib-python/modified-2.4.1/?pathrev=14070 HTTP/1.1" 200 7487 "-" "Mozilla/5.0 (compatible; Googlebot/2.1; +http://www.google.com/bot.html)"
66.249.66.171 - - [25/Feb/2007:03:12:06 +0100] "GET /svn/kupu/branch/kupu-1.2/ HTTP/1.1" 200 523 "-" "Mozilla/5.0 (compatible; Googlebot/2.1; +http://www.google.com/bot.html)"
65.55.210.47 - - [25/Feb/2007:03:12:04 +0100] "GET /viewvc/xpython/trunk/dist/src/Demo/pdist/CVS/Tag?sortby=file&view=log&r1=4701&pathrev=18114 HTTP/1.0" 200 28823 "-" "msnbot/1.0 (+http://search.msn.com/msnbot.htm)"
66.249.66.171 - - [25/Feb/2007:03:12:08 +0100] "GET /viewvc?view=rev&revision=8767 HTTP/1.1" 302 303 "-" "Mozilla/5.0 (compatible; Googlebot/2.1; +http://www.google.com/bot.html)"
201.231.58.252 - - [25/Feb/2007:03:12:09 +0100] "GET /favicon.ico HTTP/1.1" 404 272 "-" "Mozilla/5.0 (X11; U; Linux i686; es-AR; rv:1.8.1.1) Gecko/20060601 Firefox/2.0.0.1 (Ubuntu-edgy)"
66.249.66.171 - - [25/Feb/2007:03:12:09 +0100] "GET /viewvc/pypy/trunk/src/pypy/translator/annrpython.py?view=markup&pathrev=5948 HTTP/1.1" 200 42762 "-" "Mozilla/5.0 (compatible; Googlebot/2.1; +http://www.google.com/bot.html)"
66.249.66.171 - - [25/Feb/2007:03:12:11 +0100] "GET /viewvc/pypy/dist/lib-python/conftest.py?r1=11626&r2=11676&sortby=rev HTTP/1.1" 200 91218 "-" "Mozilla/5.0 (compatible; Googlebot/2.1; +http://www.google.com/bot.html)"
66.249.66.171 - - [25/Feb/2007:03:12:13 +0100] "GET /viewvc/pypy/trunk/?pathrev=7261 HTTP/1.1" 200 5800 "-" "Mozilla/5.0 (compatible; Googlebot/2.1; +http://www.google.com/bot.html)"
66.249.66.171 - - [25/Feb/2007:03:12:16 +0100] "GET /viewvc?view=rev&revision=9519 HTTP/1.1" 302 303 "-" "Mozilla/5.0 (compatible; Googlebot/2.1; +http://www.google.com/bot.html)"
66.249.66.171 - - [25/Feb/2007:03:12:18 +0100] "GET /viewvc/pypy/dist/lib-python/modified-2.3.4/?pathrev=14330 HTTP/1.1" 200 8839 "-" "Mozilla/5.0 (compatible; Googlebot/2.1; +http://www.google.com/bot.html)"
87.66.18.77 - - [25/Feb/2007:03:12:20 +0100] "PROPFIND /svn/kukit/kukit.js/trunk HTTP/1.1" 207 358 "-" "SVN/1.3.1 (r19032) neon/0.25.5"
87.66.18.77 - - [25/Feb/2007:03:12:20 +0100] "PROPFIND /svn/!svn/vcc/default HTTP/1.1" 207 243 "-" "SVN/1.3.1 (r19032) neon/0.25.5"
87.66.18.77 - - [25/Feb/2007:03:12:20 +0100] "PROPFIND /svn/!svn/bln/39374 HTTP/1.1" 207 257 "-" "SVN/1.3.1 (r19032) neon/0.25.5"
66.249.66.171 - - [25/Feb/2007:03:12:20 +0100] "GET /svn/z3/zemantic/tag/imported-from-rdflib-repos/tests/test_zontology.py HTTP/1.1" 200 496 "-" "Mozilla/5.0 (compatible; Googlebot/2.1; +http://www.google.com/bot.html)"
87.66.18.77 - - [25/Feb/2007:03:12:20 +0100] "PROPFIND /svn/kukit/kukit.js/trunk HTTP/1.1" 207 358 "-" "SVN/1.3.1 (r19032) neon/0.25.5"
87.66.18.77 - - [25/Feb/2007:03:12:21 +0100] "PROPFIND /svn/!svn/vcc/default HTTP/1.1" 207 257 "-" "SVN/1.3.1 (r19032) neon/0.25.5"
87.66.18.77 - - [25/Feb/2007:03:12:21 +0100] "REPORT /svn/!svn/bc/39374/kukit/kukit.js/trunk HTTP/1.1" 200 6692 "-" "SVN/1.3.1 (r19032) neon/0.25.5"
66.249.66.171 - - [25/Feb/2007:03:12:22 +0100] "GET /viewvc/pypy/trunk/src/pypy/objspace/flow/objspace.py?r1=5355&r2=5354&pathrev=5355 HTTP/1.1" 200 9130 "-" "Mozilla/5.0 (compatible; Googlebot/2.1; +http://www.google.com/bot.html)"
66.249.66.171 - - [25/Feb/2007:03:12:25 +0100] "GET /viewvc?view=rev&revision=6492 HTTP/1.1" 302 303 "-" "Mozilla/5.0 (compatible; Googlebot/2.1; +http://www.google.com/bot.html)"
66.249.66.171 - - [25/Feb/2007:03:12:27 +0100] "GET /viewvc/pypy/?pathrev=5947 HTTP/1.1" 200 5113 "-" "Mozilla/5.0 (compatible; Googlebot/2.1; +http://www.google.com/bot.html)"
66.249.66.171 - - [25/Feb/2007:03:12:30 +0100] "GET /viewvc/pypy/dist/demo/bpnn.py?annotate=35118 HTTP/1.1" 200 50998 "-" "Mozilla/5.0 (compatible; Googlebot/2.1; +http://www.google.com/bot.html)"
66.249.66.171 - - [25/Feb/2007:03:12:34 +0100] "GET /viewvc/pypy/?pathrev=9473 HTTP/1.1" 200 6511 "-" "Mozilla/5.0 (compatible; Googlebot/2.1; +http://www.google.com/bot.html)"
66.249.66.171 - - [25/Feb/2007:03:12:38 +0100] "GET /svn/pypy/dist/pypy/translator/js/demo/jsdemo/support.py HTTP/1.1" 404 316 "-" "Mozilla/5.0 (compatible; Googlebot/2.1; +http://www.google.com/bot.html)"
66.249.66.171 - - [25/Feb/2007:03:12:41 +0100] "GET /viewvc/?view=rev&revision=8767 HTTP/1.1" 302 303 "-" "Mozilla/5.0 (compatible; Googlebot/2.1; +http://www.google.com/bot.html)"
88.114.159.161 - - [25/Feb/2007:03:12:40 +0100] "GET /pypy/dist/pypy/doc/stackless.html HTTP/1.1" 200 36719 "http://codespeak.net/pypy/dist/pypy/doc/release-0.99.0.html" "Mozilla/5.0 (Windows; U; Win98; en-US; rv:1.4) Gecko/20030624 Netscape/7.1 (ax)"
72.30.177.79 - - [25/Feb/2007:03:12:42 +0100] "GET /robots.txt HTTP/1.0" 200 30 "-" "Mozilla/5.0 (compatible; Yahoo! Slurp; http://help.yahoo.com/help/us/ysearch/slurp)"
66.249.66.171 - - [25/Feb/2007:03:12:43 +0100] "GET /viewvc?view=rev&revision=6800 HTTP/1.1" 302 303 "-" "Mozilla/5.0 (compatible; Googlebot/2.1; +http://www.google.com/bot.html)"
66.249.66.171 - - [25/Feb/2007:03:12:45 +0100] "GET /viewvc/pypy/branch/dist-2.4.1/lib-python/modified-2.4.1/?pathrev=14147 HTTP/1.1" 200 8681 "-" "Mozilla/5.0 (compatible; Googlebot/2.1; +http://www.google.com/bot.html)"
66.249.66.171 - - [25/Feb/2007:03:12:48 +0100] "GET /viewvc/rlcompleter2/?pathrev=5163 HTTP/1.1" 200 5111 "-" "Mozilla/5.0 (compatible; Googlebot/2.1; +http://www.google.com/bot.html)"
66.249.66.171 - - [25/Feb/2007:03:12:51 +0100] "GET /viewvc/?view=rev&revision=9519 HTTP/1.1" 302 303 "-" "Mozilla/5.0 (compatible; Googlebot/2.1; +http://www.google.com/bot.html)"
66.249.66.171 - - [25/Feb/2007:03:12:53 +0100] "GET /viewvc/pypy/trunk/src/?pathrev=7360 HTTP/1.1" 200 5508 "-" "Mozilla/5.0 (compatible; Googlebot/2.1; +http://www.google.com/bot.html)"
66.249.66.171 - - [25/Feb/2007:03:12:55 +0100] "GET /viewvc/vendor/cpython/current/dist/src/Lib/telnetlib.py?view=log&sortby=author&pathrev=73 HTTP/1.1" 200 6571 "-" "Mozilla/5.0 (compatible; Googlebot/2.1; +http://www.google.com/bot.html)"
66.249.66.171 - - [25/Feb/2007:03:12:57 +0100] "GET /viewvc?view=rev&revision=9497 HTTP/1.1" 302 303 "-" "Mozilla/5.0 (compatible; Googlebot/2.1; +http://www.google.com/bot.html)"
66.249.66.171 - - [25/Feb/2007:03:12:59 +0100] "GET /viewvc/?view=rev&revision=6492 HTTP/1.1" 302 303 "-" "Mozilla/5.0 (compatible; Googlebot/2.1; +http://www.google.com/bot.html)"
66.249.66.171 - - [25/Feb/2007:03:13:01 +0100] "GET /viewvc/user/niemeyer/ HTTP/1.1" 200 3870 "-" "Mozilla/5.0 (compatible; Googlebot/2.1; +http://www.google.com/bot.html)"
66.249.66.171 - - [25/Feb/2007:03:13:03 +0100] "GET /viewvc/pypy/dist/lib-python/conftest.py?r1=11617&r2=11623&pathrev=11684&sortby=date HTTP/1.1" 200 248029 "-" "Mozilla/5.0 (compatible; Googlebot/2.1; +http://www.google.com/bot.html)"
66.249.66.171 - - [25/Feb/2007:03:13:05 +0100] "GET /viewvc?view=rev&revision=3198 HTTP/1.1" 302 303 "-" "Mozilla/5.0 (compatible; Googlebot/2.1; +http://www.google.com/bot.html)"
65.55.210.47 - - [25/Feb/2007:03:13:05 +0100] "GET /viewvc/vendor/cpython/current/CVS/Tag?revision=361&pathrev=371 HTTP/1.0" 200 21 "-" "msnbot/1.0 (+http://search.msn.com/msnbot.htm)"
66.249.66.171 - - [25/Feb/2007:03:13:07 +0100] "GET /viewvc/pypy/dist/?pathrev=9533 HTTP/1.1" 200 5803 "-" "Mozilla/5.0 (compatible; Googlebot/2.1; +http://www.google.com/bot.html)"
87.66.18.77 - - [25/Feb/2007:03:13:09 +0100] "PROPFIND /svn/kukit/kss.demo/trunk HTTP/1.1" 207 360 "-" "SVN/1.3.1 (r19032) neon/0.25.5"
87.66.18.77 - - [25/Feb/2007:03:13:09 +0100] "PROPFIND /svn/kukit/kss.core/trunk HTTP/1.1" 207 359 "-" "SVN/1.3.1 (r19032) neon/0.25.5"
87.66.18.77 - - [25/Feb/2007:03:13:09 +0100] "PROPFIND /svn/!svn/vcc/default HTTP/1.1" 207 243 "-" "SVN/1.3.1 (r19032) neon/0.25.5"
87.66.18.77 - - [25/Feb/2007:03:13:09 +0100] "PROPFIND /svn/!svn/vcc/default HTTP/1.1" 207 243 "-" "SVN/1.3.1 (r19032) neon/0.25.5"
87.66.18.77 - - [25/Feb/2007:03:13:09 +0100] "PROPFIND /svn/!svn/bln/39374 HTTP/1.1" 207 257 "-" "SVN/1.3.1 (r19032) neon/0.25.5"
87.66.18.77 - - [25/Feb/2007:03:13:09 +0100] "PROPFIND /svn/!svn/bln/39374 HTTP/1.1" 207 257 "-" "SVN/1.3.1 (r19032) neon/0.25.5"
87.66.18.77 - - [25/Feb/2007:03:13:09 +0100] "PROPFIND /svn/kukit/kss.demo/trunk HTTP/1.1" 207 360 "-" "SVN/1.3.1 (r19032) neon/0.25.5"
87.66.18.77 - - [25/Feb/2007:03:13:09 +0100] "PROPFIND /svn/kukit/kss.core/trunk HTTP/1.1" 207 359 "-" "SVN/1.3.1 (r19032) neon/0.25.5"
87.66.18.77 - - [25/Feb/2007:03:13:09 +0100] "PROPFIND /svn/!svn/vcc/default HTTP/1.1" 207 257 "-" "SVN/1.3.1 (r19032) neon/0.25.5"
87.66.18.77 - - [25/Feb/2007:03:13:09 +0100] "PROPFIND /svn/!svn/vcc/default HTTP/1.1" 207 257 "-" "SVN/1.3.1 (r19032) neon/0.25.5"
87.66.18.77 - - [25/Feb/2007:03:13:09 +0100] "REPORT /svn/!svn/bc/39374/kukit/kss.demo/trunk HTTP/1.1" 200 2672 "-" "SVN/1.3.1 (r19032) neon/0.25.5"
87.66.18.77 - - [25/Feb/2007:03:13:09 +0100] "REPORT /svn/!svn/bc/39374/kukit/kss.core/trunk HTTP/1.1" 200 2515 "-" "SVN/1.3.1 (r19032) neon/0.25.5"
66.249.66.171 - - [25/Feb/2007:03:13:09 +0100] "GET /viewvc/?view=rev&revision=8767 HTTP/1.1" 200 3226 "-" "Mozilla/5.0 (compatible; Googlebot/2.1; +http://www.google.com/bot.html)"
66.249.66.171 - - [25/Feb/2007:03:13:11 +0100] "GET /viewvc/?view=rev&revision=6800 HTTP/1.1" 302 303 "-" "Mozilla/5.0 (compatible; Googlebot/2.1; +http://www.google.com/bot.html)"
66.249.66.171 - - [25/Feb/2007:03:13:13 +0100] "GET /viewvc?view=rev&revision=4579 HTTP/1.1" 302 303 "-" "Mozilla/5.0 (compatible; Googlebot/2.1; +http://www.google.com/bot.html)"
88.114.159.161 - - [25/Feb/2007:03:13:14 +0100] "GET /pypy/dist/pypy/module/_stackless/test/test_composable_coroutine.py HTTP/1.1" 200 4318 "http://codespeak.net/pypy/dist/pypy/doc/stackless.html" "Mozilla/5.0 (Windows; U; Win98; en-US; rv:1.4) Gecko/20030624 Netscape/7.1 (ax)"
66.249.66.171 - - [25/Feb/2007:03:13:15 +0100] "GET /viewvc/pypy/dist/?pathrev=12460 HTTP/1.1" 200 6358 "-" "Mozilla/5.0 (compatible; Googlebot/2.1; +http://www.google.com/bot.html)"
66.249.66.171 - - [25/Feb/2007:03:13:17 +0100] "GET /viewvc/?view=rev&revision=9519 HTTP/1.1" 200 3271 "-" "Mozilla/5.0 (compatible; Googlebot/2.1; +http://www.google.com/bot.html)"
65.55.210.56 - - [25/Feb/2007:03:13:17 +0100] "GET /viewvc/pypy/trunk/doc/funding/B6.7.wp04_core.txt?view=log&r1=1539&pathrev=1746 HTTP/1.0" 200 28747 "-" "msnbot/1.0 (+http://search.msn.com/msnbot.htm)"
66.249.66.171 - - [25/Feb/2007:03:13:19 +0100] "GET /viewvc/pypy/trunk/src/goal/translate_pypy.py?r1=7422&r2=7421&pathrev=7422 HTTP/1.1" 200 20490 "-" "Mozilla/5.0 (compatible; Googlebot/2.1; +http://www.google.com/bot.html)"